{"id":20844,"date":"2026-01-02T12:05:30","date_gmt":"2026-01-02T11:05:30","guid":{"rendered":"https:\/\/www.hotelcabana.es\/offres\/"},"modified":"2026-03-03T13:08:35","modified_gmt":"2026-03-03T12:08:35","slug":"offres","status":"publish","type":"page","link":"https:\/\/www.hotelcabana.es\/fr\/offres\/","title":{"rendered":"Offres"},"content":{"rendered":"\t\t<div data-elementor-type=\"wp-page\" data-elementor-id=\"20844\" class=\"elementor elementor-20844 elementor-20633\" data-elementor-post-type=\"page\">\n\t\t\t\t        <section class=\"elementor-section elementor-top-section elementor-element elementor-element-f6b6820 elementor-section-boxed elementor-section-height-default elementor-section-height-default pxl-section-static-pos-no pxl-section-overflow-hidden-no pxl-container-margin-auto-no\" data-id=\"f6b6820\" data-element_type=\"section\" data-e-type=\"section\">\n\n                \n                <div class=\"elementor-container elementor-column-gap-default \">\n                <div class=\"elementor-column elementor-col-100 elementor-top-column elementor-element elementor-element-dc0d998 col-offset-none pxl-column-element-default pxl-column-overflow-hidden-no\" data-id=\"dc0d998\" data-element_type=\"column\" data-e-type=\"column\">\r\n        <div class=\"elementor-widget-wrap elementor-element-populated\">\r\n                    \t\t<div class=\"elementor-element elementor-element-6ce787f elementor-widget elementor-widget-heading\" data-id=\"6ce787f\" data-element_type=\"widget\" data-e-type=\"widget\" data-widget_type=\"heading.default\">\n\t\t\t\t\t<h2 class=\"elementor-heading-title elementor-size-default\">R\u00e9servez vos vacances \u00e0 Benidorm avec nos meilleures offres<\/h2>\t\t\t\t<\/div>\n\t\t\t\t<div class=\"elementor-element elementor-element-9084612 elementor-widget elementor-widget-text-editor\" data-id=\"9084612\" data-element_type=\"widget\" data-e-type=\"widget\" data-widget_type=\"text-editor.default\">\n\t\t\t\t\t\t\t\t\t<p>Ne ratez pas l\u2019opportunit\u00e9 de r\u00e9server votre s\u00e9jour au Gran Hotel Bali de Benidorm avec nos exp\u00e9riences et offres exclusives. Avec nos promotions et remises sp\u00e9ciales, vous pourrez profiter de vacances de r\u00eave \u00e0 un prix irr\u00e9sistible. <\/p><p>R\u00e9servez d\u00e8s maintenant et vivez une exp\u00e9rience unique et inoubliable sur la c\u00f4te m\u00e9diterran\u00e9enne !<\/p><p>Nous lan\u00e7ons des offres p\u00e9riodiquement. A bient\u00f4t pour les d\u00e9couvrir. <\/p>\t\t\t\t\t\t\t\t<\/div>\n\t\t                    <\/div>\r\n        <\/div>\r\n        \t\t\t<\/div>\n\t\t<\/section>\n\t\t\t\t<\/div>\n\t\t","protected":false},"excerpt":{"rendered":"<p>R\u00e9servez vos vacances \u00e0 Benidorm avec nos meilleures offres Ne ratez pas l\u2019opportunit\u00e9 de r\u00e9server votre s\u00e9jour au Gran Hotel Bali de Benidorm avec nos exp\u00e9riences et offres exclusives. Avec nos promotions et remises sp\u00e9ciales, vous pourrez profiter de vacances de r\u00eave \u00e0 un prix irr\u00e9sistible. R\u00e9servez d\u00e8s maintenant et vivez une exp\u00e9rience unique et [&hellip;]<\/p>\n","protected":false},"author":1,"featured_media":0,"parent":0,"menu_order":0,"comment_status":"closed","ping_status":"closed","template":"","meta":{"footnotes":""},"class_list":["post-20844","page","type-page","status-publish","hentry"],"yoast_head":"<!-- This site is optimized with the Yoast SEO plugin v26.9 - https:\/\/yoast.com\/product\/yoast-seo-wordpress\/ -->\n<title>Galerie | H\u00f4tel Cabana 3* - Benidorm | Meilleur Prix | Site Officiel<\/title>\n<meta name=\"description\" content=\"D\u00e9couvrez toutes les offres de l&#039;H\u00f4tel Cabana et profitez-en pour voyager \u00e0 Benidorm au meilleur prix. Site Officiel\" \/>\n<meta name=\"robots\" content=\"index, follow, max-snippet:-1, max-image-preview:large, max-video-preview:-1\" \/>\n<link rel=\"canonical\" href=\"https:\/\/www.hotelcabana.es\/en\/offers\/\" \/>\n<meta property=\"og:locale\" content=\"fr_FR\" \/>\n<meta property=\"og:type\" content=\"article\" \/>\n<meta property=\"og:title\" content=\"Galerie | H\u00f4tel Cabana 3* - Benidorm | Meilleur Prix | Site Officiel\" \/>\n<meta property=\"og:description\" content=\"D\u00e9couvrez toutes les offres de l&#039;H\u00f4tel Cabana et profitez-en pour voyager \u00e0 Benidorm au meilleur prix. Site Officiel\" \/>\n<meta property=\"og:url\" content=\"https:\/\/www.hotelcabana.es\/en\/offers\/\" \/>\n<meta property=\"og:site_name\" content=\"Hotel Cabana\" \/>\n<meta property=\"article:publisher\" content=\"https:\/\/www.facebook.com\/pages\/Cabana-Hotel-Benidorm\/143267079078893\" \/>\n<meta property=\"article:modified_time\" content=\"2026-03-03T12:08:35+00:00\" \/>\n<meta name=\"twitter:card\" content=\"summary_large_image\" \/>\n<meta name=\"twitter:label1\" content=\"Dur\u00e9e de lecture estim\u00e9e\" \/>\n\t<meta name=\"twitter:data1\" content=\"1 minute\" \/>\n<script type=\"application\/ld+json\" class=\"yoast-schema-graph\">{\"@context\":\"https:\/\/schema.org\",\"@graph\":[{\"@type\":\"WebPage\",\"@id\":\"https:\/\/www.hotelcabana.es\/en\/offers\/\",\"url\":\"https:\/\/www.hotelcabana.es\/en\/offers\/\",\"name\":\"Galerie | H\u00f4tel Cabana 3* - Benidorm | Meilleur Prix | Site Officiel\",\"isPartOf\":{\"@id\":\"https:\/\/www.hotelcabana.es\/#website\"},\"datePublished\":\"2026-01-02T11:05:30+00:00\",\"dateModified\":\"2026-03-03T12:08:35+00:00\",\"description\":\"D\u00e9couvrez toutes les offres de l'H\u00f4tel Cabana et profitez-en pour voyager \u00e0 Benidorm au meilleur prix. Site Officiel\",\"breadcrumb\":{\"@id\":\"https:\/\/www.hotelcabana.es\/en\/offers\/#breadcrumb\"},\"inLanguage\":\"fr-FR\",\"potentialAction\":[{\"@type\":\"ReadAction\",\"target\":[\"https:\/\/www.hotelcabana.es\/en\/offers\/\"]}]},{\"@type\":\"BreadcrumbList\",\"@id\":\"https:\/\/www.hotelcabana.es\/en\/offers\/#breadcrumb\",\"itemListElement\":[{\"@type\":\"ListItem\",\"position\":1,\"name\":\"Portada\",\"item\":\"https:\/\/www.hotelcabana.es\/\"},{\"@type\":\"ListItem\",\"position\":2,\"name\":\"Offres\"}]},{\"@type\":\"WebSite\",\"@id\":\"https:\/\/www.hotelcabana.es\/#website\",\"url\":\"https:\/\/www.hotelcabana.es\/\",\"name\":\"Hotel Cabana\",\"description\":\"\",\"publisher\":{\"@id\":\"https:\/\/www.hotelcabana.es\/#organization\"},\"potentialAction\":[{\"@type\":\"SearchAction\",\"target\":{\"@type\":\"EntryPoint\",\"urlTemplate\":\"https:\/\/www.hotelcabana.es\/?s={search_term_string}\"},\"query-input\":{\"@type\":\"PropertyValueSpecification\",\"valueRequired\":true,\"valueName\":\"search_term_string\"}}],\"inLanguage\":\"fr-FR\"},{\"@type\":\"Organization\",\"@id\":\"https:\/\/www.hotelcabana.es\/#organization\",\"name\":\"Hotel Cabana\",\"url\":\"https:\/\/www.hotelcabana.es\/\",\"logo\":{\"@type\":\"ImageObject\",\"inLanguage\":\"fr-FR\",\"@id\":\"https:\/\/www.hotelcabana.es\/#\/schema\/logo\/image\/\",\"url\":\"https:\/\/www.hotelcabana.es\/wp-content\/uploads\/2024\/02\/logo-azul.png\",\"contentUrl\":\"https:\/\/www.hotelcabana.es\/wp-content\/uploads\/2024\/02\/logo-azul.png\",\"width\":204,\"height\":90,\"caption\":\"Hotel Cabana\"},\"image\":{\"@id\":\"https:\/\/www.hotelcabana.es\/#\/schema\/logo\/image\/\"},\"sameAs\":[\"https:\/\/www.facebook.com\/pages\/Cabana-Hotel-Benidorm\/143267079078893\",\"http:\/\/youtube.com\/channel\/UC93u51w-VW12wRIWPMlIKHA\"]}]}<\/script>\n<!-- \/ Yoast SEO plugin. -->","yoast_head_json":{"title":"Galerie | H\u00f4tel Cabana 3* - Benidorm | Meilleur Prix | Site Officiel","description":"D\u00e9couvrez toutes les offres de l'H\u00f4tel Cabana et profitez-en pour voyager \u00e0 Benidorm au meilleur prix. Site Officiel","robots":{"index":"index","follow":"follow","max-snippet":"max-snippet:-1","max-image-preview":"max-image-preview:large","max-video-preview":"max-video-preview:-1"},"canonical":"https:\/\/www.hotelcabana.es\/en\/offers\/","og_locale":"fr_FR","og_type":"article","og_title":"Galerie | H\u00f4tel Cabana 3* - Benidorm | Meilleur Prix | Site Officiel","og_description":"D\u00e9couvrez toutes les offres de l'H\u00f4tel Cabana et profitez-en pour voyager \u00e0 Benidorm au meilleur prix. Site Officiel","og_url":"https:\/\/www.hotelcabana.es\/en\/offers\/","og_site_name":"Hotel Cabana","article_publisher":"https:\/\/www.facebook.com\/pages\/Cabana-Hotel-Benidorm\/143267079078893","article_modified_time":"2026-03-03T12:08:35+00:00","twitter_card":"summary_large_image","twitter_misc":{"Dur\u00e9e de lecture estim\u00e9e":"1 minute"},"schema":{"@context":"https:\/\/schema.org","@graph":[{"@type":"WebPage","@id":"https:\/\/www.hotelcabana.es\/en\/offers\/","url":"https:\/\/www.hotelcabana.es\/en\/offers\/","name":"Galerie | H\u00f4tel Cabana 3* - Benidorm | Meilleur Prix | Site Officiel","isPartOf":{"@id":"https:\/\/www.hotelcabana.es\/#website"},"datePublished":"2026-01-02T11:05:30+00:00","dateModified":"2026-03-03T12:08:35+00:00","description":"D\u00e9couvrez toutes les offres de l'H\u00f4tel Cabana et profitez-en pour voyager \u00e0 Benidorm au meilleur prix. Site Officiel","breadcrumb":{"@id":"https:\/\/www.hotelcabana.es\/en\/offers\/#breadcrumb"},"inLanguage":"fr-FR","potentialAction":[{"@type":"ReadAction","target":["https:\/\/www.hotelcabana.es\/en\/offers\/"]}]},{"@type":"BreadcrumbList","@id":"https:\/\/www.hotelcabana.es\/en\/offers\/#breadcrumb","itemListElement":[{"@type":"ListItem","position":1,"name":"Portada","item":"https:\/\/www.hotelcabana.es\/"},{"@type":"ListItem","position":2,"name":"Offres"}]},{"@type":"WebSite","@id":"https:\/\/www.hotelcabana.es\/#website","url":"https:\/\/www.hotelcabana.es\/","name":"Hotel Cabana","description":"","publisher":{"@id":"https:\/\/www.hotelcabana.es\/#organization"},"potentialAction":[{"@type":"SearchAction","target":{"@type":"EntryPoint","urlTemplate":"https:\/\/www.hotelcabana.es\/?s={search_term_string}"},"query-input":{"@type":"PropertyValueSpecification","valueRequired":true,"valueName":"search_term_string"}}],"inLanguage":"fr-FR"},{"@type":"Organization","@id":"https:\/\/www.hotelcabana.es\/#organization","name":"Hotel Cabana","url":"https:\/\/www.hotelcabana.es\/","logo":{"@type":"ImageObject","inLanguage":"fr-FR","@id":"https:\/\/www.hotelcabana.es\/#\/schema\/logo\/image\/","url":"https:\/\/www.hotelcabana.es\/wp-content\/uploads\/2024\/02\/logo-azul.png","contentUrl":"https:\/\/www.hotelcabana.es\/wp-content\/uploads\/2024\/02\/logo-azul.png","width":204,"height":90,"caption":"Hotel Cabana"},"image":{"@id":"https:\/\/www.hotelcabana.es\/#\/schema\/logo\/image\/"},"sameAs":["https:\/\/www.facebook.com\/pages\/Cabana-Hotel-Benidorm\/143267079078893","http:\/\/youtube.com\/channel\/UC93u51w-VW12wRIWPMlIKHA"]}]}},"_links":{"self":[{"href":"https:\/\/www.hotelcabana.es\/fr\/wp-json\/wp\/v2\/pages\/20844","targetHints":{"allow":["GET"]}}],"collection":[{"href":"https:\/\/www.hotelcabana.es\/fr\/wp-json\/wp\/v2\/pages"}],"about":[{"href":"https:\/\/www.hotelcabana.es\/fr\/wp-json\/wp\/v2\/types\/page"}],"author":[{"embeddable":true,"href":"https:\/\/www.hotelcabana.es\/fr\/wp-json\/wp\/v2\/users\/1"}],"replies":[{"embeddable":true,"href":"https:\/\/www.hotelcabana.es\/fr\/wp-json\/wp\/v2\/comments?post=20844"}],"version-history":[{"count":5,"href":"https:\/\/www.hotelcabana.es\/fr\/wp-json\/wp\/v2\/pages\/20844\/revisions"}],"predecessor-version":[{"id":21831,"href":"https:\/\/www.hotelcabana.es\/fr\/wp-json\/wp\/v2\/pages\/20844\/revisions\/21831"}],"wp:attachment":[{"href":"https:\/\/www.hotelcabana.es\/fr\/wp-json\/wp\/v2\/media?parent=20844"}],"curies":[{"name":"wp","href":"https:\/\/api.w.org\/{rel}","templated":true}]}}

<div data-elementor-type="wp-page" data-elementor-id="20844" class="elementor elementor-20844 elementor-20633" data-elementor-post-type="page">
				        <section class="elementor-section elementor-top-section elementor-element elementor-element-f6b6820 elementor-section-boxed elementor-section-height-default elementor-section-height-default pxl-section-static-pos-no pxl-section-overflow-hidden-no pxl-container-margin-auto-no" data-id="f6b6820" data-element_type="section" data-e-type="section">

                
                <div class="elementor-container elementor-column-gap-default ">
                <div class="elementor-column elementor-col-100 elementor-top-column elementor-element elementor-element-dc0d998 col-offset-none pxl-column-element-default pxl-column-overflow-hidden-no" data-id="dc0d998" data-element_type="column" data-e-type="column">
        <div class="elementor-widget-wrap elementor-element-populated">
                    		<div class="elementor-element elementor-element-6ce787f elementor-widget elementor-widget-heading" data-id="6ce787f" data-element_type="widget" data-e-type="widget" data-widget_type="heading.default">
					<h2 class="elementor-heading-title elementor-size-default">Réservez vos vacances à Benidorm avec nos meilleures offres</h2>				</div>
				<div class="elementor-element elementor-element-9084612 elementor-widget elementor-widget-text-editor" data-id="9084612" data-element_type="widget" data-e-type="widget" data-widget_type="text-editor.default">
									<p>Ne ratez pas l’opportunité de réserver votre séjour au Gran Hotel Bali de Benidorm avec nos expériences et offres exclusives. Avec nos promotions et remises spéciales, vous pourrez profiter de vacances de rêve à un prix irrésistible. </p><p>Réservez dès maintenant et vivez une expérience unique et inoubliable sur la côte méditerranéenne !</p><p>Nous lançons des offres périodiquement. A bientôt pour les découvrir. </p>								</div>
		                    </div>
        </div>
        			</div>
		</section>
				</div>

<p>Réservez vos vacances à Benidorm avec nos meilleures offres Ne ratez pas l’opportunité de réserver votre séjour au Gran Hotel Bali de Benidorm avec nos expériences et offres exclusives. Avec nos promotions et remises spéciales, vous pourrez profiter de vacances de rêve à un prix irrésistible. Réservez dès maintenant et vivez une expérience unique et [&hellip;]</p>

<!-- This site is optimized with the Yoast SEO plugin v26.9 - https://yoast.com/product/yoast-seo-wordpress/ -->
<title>Galerie | Hôtel Cabana 3* - Benidorm | Meilleur Prix | Site Officiel</title>
<meta name="description" content="Découvrez toutes les offres de l&#039;Hôtel Cabana et profitez-en pour voyager à Benidorm au meilleur prix. Site Officiel" />
<meta name="robots" content="index, follow, max-snippet:-1, max-image-preview:large, max-video-preview:-1" />
<link rel="canonical" href="https://www.hotelcabana.es/en/offers/" />
<meta property="og:locale" content="fr_FR" />
<meta property="og:type" content="article" />
<meta property="og:title" content="Galerie | Hôtel Cabana 3* - Benidorm | Meilleur Prix | Site Officiel" />
<meta property="og:description" content="Découvrez toutes les offres de l&#039;Hôtel Cabana et profitez-en pour voyager à Benidorm au meilleur prix. Site Officiel" />
<meta property="og:url" content="https://www.hotelcabana.es/en/offers/" />
<meta property="og:site_name" content="Hotel Cabana" />
<meta property="article:publisher" content="https://www.facebook.com/pages/Cabana-Hotel-Benidorm/143267079078893" />
<meta property="article:modified_time" content="2026-03-03T12:08:35+00:00" />
<meta name="twitter:card" content="summary_large_image" />
<meta name="twitter:label1" content="Durée de lecture estimée" />
	<meta name="twitter:data1" content="1 minute" />
<script type="application/ld+json" class="yoast-schema-graph">{"@context":"https://schema.org","@graph":[{"@type":"WebPage","@id":"https://www.hotelcabana.es/en/offers/","url":"https://www.hotelcabana.es/en/offers/","name":"Galerie | Hôtel Cabana 3* - Benidorm | Meilleur Prix | Site Officiel","isPartOf":{"@id":"https://www.hotelcabana.es/#website"},"datePublished":"2026-01-02T11:05:30+00:00","dateModified":"2026-03-03T12:08:35+00:00","description":"Découvrez toutes les offres de l'Hôtel Cabana et profitez-en pour voyager à Benidorm au meilleur prix. Site Officiel","breadcrumb":{"@id":"https://www.hotelcabana.es/en/offers/#breadcrumb"},"inLanguage":"fr-FR","potentialAction":[{"@type":"ReadAction","target":["https://www.hotelcabana.es/en/offers/"]}]},{"@type":"BreadcrumbList","@id":"https://www.hotelcabana.es/en/offers/#breadcrumb","itemListElement":[{"@type":"ListItem","position":1,"name":"Portada","item":"https://www.hotelcabana.es/"},{"@type":"ListItem","position":2,"name":"Offres"}]},{"@type":"WebSite","@id":"https://www.hotelcabana.es/#website","url":"https://www.hotelcabana.es/","name":"Hotel Cabana","description":"","publisher":{"@id":"https://www.hotelcabana.es/#organization"},"potentialAction":[{"@type":"SearchAction","target":{"@type":"EntryPoint","urlTemplate":"https://www.hotelcabana.es/?s={search_term_string}"},"query-input":{"@type":"PropertyValueSpecification","valueRequired":true,"valueName":"search_term_string"}}],"inLanguage":"fr-FR"},{"@type":"Organization","@id":"https://www.hotelcabana.es/#organization","name":"Hotel Cabana","url":"https://www.hotelcabana.es/","logo":{"@type":"ImageObject","inLanguage":"fr-FR","@id":"https://www.hotelcabana.es/#/schema/logo/image/","url":"https://www.hotelcabana.es/wp-content/uploads/2024/02/logo-azul.png","contentUrl":"https://www.hotelcabana.es/wp-content/uploads/2024/02/logo-azul.png","width":204,"height":90,"caption":"Hotel Cabana"},"image":{"@id":"https://www.hotelcabana.es/#/schema/logo/image/"},"sameAs":["https://www.facebook.com/pages/Cabana-Hotel-Benidorm/143267079078893","http://youtube.com/channel/UC93u51w-VW12wRIWPMlIKHA"]}]}</script>
<!-- / Yoast SEO plugin. -->

Galerie | Hôtel Cabana 3* - Benidorm | Meilleur Prix | Site Officiel

Découvrez toutes les offres de l'Hôtel Cabana et profitez-en pour voyager à Benidorm au meilleur prix. Site Officiel
